{"id":291,"date":"2025-06-06T04:58:02","date_gmt":"2025-06-06T04:58:02","guid":{"rendered":"https:\/\/proyectoimagen.cl\/Portafolio\/?page_id=291"},"modified":"2025-06-06T05:00:39","modified_gmt":"2025-06-06T05:00:39","slug":"postergacion-de-deudas","status":"publish","type":"page","link":"https:\/\/proyectoimagen.cl\/Portafolio\/?page_id=291","title":{"rendered":"Postergaci\u00f3n de deudas"},"content":{"rendered":"\t\t<div data-elementor-type=\"wp-page\" data-elementor-id=\"291\" class=\"elementor elementor-291\">\n\t\t\t\t<div class=\"elementor-element elementor-element-7c0e1da9 e-flex e-con-boxed e-con e-parent\" data-id=\"7c0e1da9\" data-element_type=\"container\">\n\t\t\t\t\t<div class=\"e-con-inner\">\n\t\t\t\t<div class=\"elementor-element elementor-element-67e7b20a elementor-widget elementor-widget-heading\" data-id=\"67e7b20a\" data-element_type=\"widget\" data-widget_type=\"heading.default\">\n\t\t\t\t<div class=\"elementor-widget-container\">\n\t\t\t\t\t<h2 class=\"elementor-heading-title elementor-size-default\">El problema<\/h2>\t\t\t\t<\/div>\n\t\t\t\t<\/div>\n\t\t\t\t<div class=\"elementor-element elementor-element-6414c019 elementor-widget elementor-widget-text-editor\" data-id=\"6414c019\" data-element_type=\"widget\" data-widget_type=\"text-editor.default\">\n\t\t\t\t<div class=\"elementor-widget-container\">\n\t\t\t\t\t\t\t\t\t<p>Cuando comenz\u00f3 la pandemia y aument\u00f3 el desempleo, nos vimos en la necesidad de encontrar soluciones para los clientes que no contaban con los recursos necesarios para pagar su cr\u00e9dito hipotecario.<\/p>\t\t\t\t\t\t\t\t<\/div>\n\t\t\t\t<\/div>\n\t\t\t\t<div class=\"elementor-element elementor-element-365f3c6 elementor-widget elementor-widget-heading\" data-id=\"365f3c6\" data-element_type=\"widget\" data-widget_type=\"heading.default\">\n\t\t\t\t<div class=\"elementor-widget-container\">\n\t\t\t\t\t<h2 class=\"elementor-heading-title elementor-size-default\">El  objetivo<\/h2>\t\t\t\t<\/div>\n\t\t\t\t<\/div>\n\t\t\t\t<div class=\"elementor-element elementor-element-2e738d88 elementor-widget elementor-widget-text-editor\" data-id=\"2e738d88\" data-element_type=\"widget\" data-widget_type=\"text-editor.default\">\n\t\t\t\t<div class=\"elementor-widget-container\">\n\t\t\t\t\t\t\t\t\t<p>Era fundamental ofrecer una soluci\u00f3n simple, clara y r\u00e1pida, que permitiera a los clientes postergar o refinanciar su cr\u00e9dito hipotecario con tres meses de gracia, ayud\u00e1ndolos a enfrentar un momento dif\u00edcil sin complicaciones adicionales.<\/p>\t\t\t\t\t\t\t\t<\/div>\n\t\t\t\t<\/div>\n\t\t\t\t<div class=\"elementor-element elementor-element-238e8c16 elementor-widget elementor-widget-image-gallery\" data-id=\"238e8c16\" data-element_type=\"widget\" data-widget_type=\"image-gallery.default\">\n\t\t\t\t<div class=\"elementor-widget-container\">\n\t\t\t\t\t\t\t<div class=\"elementor-image-gallery\">\n\t\t\t<div id='gallery-1' class='gallery galleryid-291 gallery-columns-1 gallery-size-medium'><figure class='gallery-item'>\n\t\t\t<div class='gallery-icon portrait'>\n\t\t\t\t<a data-elementor-open-lightbox=\"yes\" data-elementor-lightbox-slideshow=\"238e8c16\" data-elementor-lightbox-title=\"Postergacion de Deudas\" data-e-action-hash=\"#elementor-action%3Aaction%3Dlightbox%26settings%3DeyJpZCI6MzEsInVybCI6Imh0dHBzOlwvXC9wcm95ZWN0b2ltYWdlbi5jbFwvUG9ydGFmb2xpb1wvd3AtY29udGVudFwvdXBsb2Fkc1wvMjAyNVwvMDZcL3Bvc3RlcmdhY2lvbi1kZS1kZXVkYXMucG5nIiwic2xpZGVzaG93IjoiMjM4ZThjMTYifQ%3D%3D\" href='https:\/\/proyectoimagen.cl\/Portafolio\/wp-content\/uploads\/2025\/06\/postergacion-de-deudas.png'><img fetchpriority=\"high\" decoding=\"async\" width=\"257\" height=\"300\" src=\"https:\/\/proyectoimagen.cl\/Portafolio\/wp-content\/uploads\/2025\/06\/postergacion-de-deudas-257x300.png\" class=\"attachment-medium size-medium\" alt=\"\" srcset=\"https:\/\/proyectoimagen.cl\/Portafolio\/wp-content\/uploads\/2025\/06\/postergacion-de-deudas-257x300.png 257w, https:\/\/proyectoimagen.cl\/Portafolio\/wp-content\/uploads\/2025\/06\/postergacion-de-deudas.png 327w\" sizes=\"(max-width: 257px) 100vw, 257px\" \/><\/a>\n\t\t\t<\/div><\/figure>\n\t\t<\/div>\n\t\t<\/div>\n\t\t\t\t\t\t<\/div>\n\t\t\t\t<\/div>\n\t\t\t\t\t<\/div>\n\t\t\t\t<\/div>\n\t\t<div class=\"elementor-element elementor-element-3bd8a087 e-flex e-con-boxed e-con e-parent\" data-id=\"3bd8a087\" data-element_type=\"container\">\n\t\t\t\t\t<div class=\"e-con-inner\">\n\t\t\t\t<div class=\"elementor-element elementor-element-51499699 elementor-widget elementor-widget-heading\" data-id=\"51499699\" data-element_type=\"widget\" data-widget_type=\"heading.default\">\n\t\t\t\t<div class=\"elementor-widget-container\">\n\t\t\t\t\t<h2 class=\"elementor-heading-title elementor-size-default\">Hip\u00f3tesis<\/h2>\t\t\t\t<\/div>\n\t\t\t\t<\/div>\n\t\t\t\t\t<\/div>\n\t\t\t\t<\/div>\n\t\t<div class=\"elementor-element elementor-element-287a50eb e-flex e-con-boxed e-con e-parent\" data-id=\"287a50eb\" data-element_type=\"container\">\n\t\t\t\t\t<div class=\"e-con-inner\">\n\t\t\t\t<div class=\"elementor-element elementor-element-725ad12c elementor-widget elementor-widget-testimonial\" data-id=\"725ad12c\" data-element_type=\"widget\" data-widget_type=\"testimonial.default\">\n\t\t\t\t<div class=\"elementor-widget-container\">\n\t\t\t\t\t\t\t<div class=\"elementor-testimonial-wrapper\">\n\t\t\t\t\t\t\t<div class=\"elementor-testimonial-content\">Si se ofrec\u00eda una soluci\u00f3n digital clara, sencilla y accesible que permita a los clientes postergar o refinanciar su cr\u00e9dito hipotecario con tres meses de gracia, entonces mejoraremos su experiencia en un momento cr\u00edtico, aumentando su satisfacci\u00f3n y fortaleciendo la relaci\u00f3n con la instituci\u00f3n.<\/div>\n\t\t\t\n\t\t\t\t\t<\/div>\n\t\t\t\t\t\t<\/div>\n\t\t\t\t<\/div>\n\t\t\t\t\t<\/div>\n\t\t\t\t<\/div>\n\t\t<div class=\"elementor-element elementor-element-407d21a5 e-flex e-con-boxed e-con e-parent\" data-id=\"407d21a5\" data-element_type=\"container\">\n\t\t\t\t\t<div class=\"e-con-inner\">\n\t\t\t\t<div class=\"elementor-element elementor-element-3423c0c9 elementor-widget elementor-widget-heading\" data-id=\"3423c0c9\" data-element_type=\"widget\" data-widget_type=\"heading.default\">\n\t\t\t\t<div class=\"elementor-widget-container\">\n\t\t\t\t\t<h2 class=\"elementor-heading-title elementor-size-default\">Resumen<\/h2>\t\t\t\t<\/div>\n\t\t\t\t<\/div>\n\t\t\t\t<div class=\"elementor-element elementor-element-4c54d343 elementor-widget elementor-widget-text-editor\" data-id=\"4c54d343\" data-element_type=\"widget\" data-widget_type=\"text-editor.default\">\n\t\t\t\t<div class=\"elementor-widget-container\">\n\t\t\t\t\t\t\t\t\t<p>Para este proyecto se realiz\u00f3 lo siguiente:<\/p><ul><li>Customer Journey map<\/li><li>Benchmark<\/li><li>An\u00e1lisis Heur\u00edstico<\/li><li>Entrevistas<\/li><li>Diagrama de flujo<\/li><li>Wireframe<\/li><li>Test Wireframe y dise\u00f1o en alta\u2028<\/li><li>Una vez realizada toda la investigaci\u00f3n se trabaj\u00f3 el Dise\u00f1o en Alta , Web, Mobile, Tablet.<\/li><\/ul>\t\t\t\t\t\t\t\t<\/div>\n\t\t\t\t<\/div>\n\t\t\t\t\t<\/div>\n\t\t\t\t<\/div>\n\t\t<div class=\"elementor-element elementor-element-7c55073f e-flex e-con-boxed e-con e-parent\" data-id=\"7c55073f\" data-element_type=\"container\">\n\t\t\t\t\t<div class=\"e-con-inner\">\n\t\t\t\t<div class=\"elementor-element elementor-element-3049b4af elementor-widget elementor-widget-button\" data-id=\"3049b4af\" data-element_type=\"widget\" data-widget_type=\"button.default\">\n\t\t\t\t<div class=\"elementor-widget-container\">\n\t\t\t\t\t\t\t\t\t<div class=\"elementor-button-wrapper\">\n\t\t\t\t\t<a class=\"elementor-button elementor-button-link elementor-size-sm\" href=\"https:\/\/proyectoimagen.cl\/Portafolio\/\">\n\t\t\t\t\t\t<span class=\"elementor-button-content-wrapper\">\n\t\t\t\t\t\t\t\t\t<span class=\"elementor-button-text\">Volver al inicio<\/span>\n\t\t\t\t\t<\/span>\n\t\t\t\t\t<\/a>\n\t\t\t\t<\/div>\n\t\t\t\t\t\t\t\t<\/div>\n\t\t\t\t<\/div>\n\t\t\t\t\t<\/div>\n\t\t\t\t<\/div>\n\t\t\t\t<\/div>\n\t\t","protected":false},"excerpt":{"rendered":"<p>El problema Cuando comenz\u00f3 la pandemia y aument\u00f3 el desempleo, nos vimos en la necesidad de encontrar soluciones para los clientes que no contaban con los recursos necesarios para pagar su cr\u00e9dito hipotecario. El objetivo Era fundamental ofrecer una soluci\u00f3n simple, clara y r\u00e1pida, que permitiera a los clientes postergar o refinanciar su cr\u00e9dito hipotecario<\/p>\n","protected":false},"author":1,"featured_media":0,"parent":0,"menu_order":0,"comment_status":"closed","ping_status":"closed","template":"","meta":{"footnotes":""},"class_list":["post-291","page","type-page","status-publish","hentry"],"_links":{"self":[{"href":"https:\/\/proyectoimagen.cl\/Portafolio\/index.php?rest_route=\/wp\/v2\/pages\/291","targetHints":{"allow":["GET"]}}],"collection":[{"href":"https:\/\/proyectoimagen.cl\/Portafolio\/index.php?rest_route=\/wp\/v2\/pages"}],"about":[{"href":"https:\/\/proyectoimagen.cl\/Portafolio\/index.php?rest_route=\/wp\/v2\/types\/page"}],"author":[{"embeddable":true,"href":"https:\/\/proyectoimagen.cl\/Portafolio\/index.php?rest_route=\/wp\/v2\/users\/1"}],"replies":[{"embeddable":true,"href":"https:\/\/proyectoimagen.cl\/Portafolio\/index.php?rest_route=%2Fwp%2Fv2%2Fcomments&post=291"}],"version-history":[{"count":3,"href":"https:\/\/proyectoimagen.cl\/Portafolio\/index.php?rest_route=\/wp\/v2\/pages\/291\/revisions"}],"predecessor-version":[{"id":296,"href":"https:\/\/proyectoimagen.cl\/Portafolio\/index.php?rest_route=\/wp\/v2\/pages\/291\/revisions\/296"}],"wp:attachment":[{"href":"https:\/\/proyectoimagen.cl\/Portafolio\/index.php?rest_route=%2Fwp%2Fv2%2Fmedia&parent=291"}],"curies":[{"name":"wp","href":"https:\/\/api.w.org\/{rel}","templated":true}]}}