{"id":242,"date":"2025-06-06T03:18:30","date_gmt":"2025-06-06T03:18:30","guid":{"rendered":"https:\/\/proyectoimagen.cl\/Portafolio\/?page_id=242"},"modified":"2025-06-06T03:18:50","modified_gmt":"2025-06-06T03:18:50","slug":"ministerio-de-energia","status":"publish","type":"page","link":"https:\/\/proyectoimagen.cl\/Portafolio\/?page_id=242","title":{"rendered":"Ministerio de Energ\u00eda"},"content":{"rendered":"\t\t<div data-elementor-type=\"wp-page\" data-elementor-id=\"242\" class=\"elementor elementor-242\">\n\t\t\t\t<div class=\"elementor-element elementor-element-5a6c703e e-flex e-con-boxed e-con e-parent\" data-id=\"5a6c703e\" data-element_type=\"container\">\n\t\t\t\t\t<div class=\"e-con-inner\">\n\t\t\t\t<div class=\"elementor-element elementor-element-7b38218f elementor-widget elementor-widget-heading\" data-id=\"7b38218f\" data-element_type=\"widget\" data-widget_type=\"heading.default\">\n\t\t\t\t<div class=\"elementor-widget-container\">\n\t\t\t\t\t<h2 class=\"elementor-heading-title elementor-size-default\">El problema<\/h2>\t\t\t\t<\/div>\n\t\t\t\t<\/div>\n\t\t\t\t<div class=\"elementor-element elementor-element-2d801559 elementor-widget elementor-widget-text-editor\" data-id=\"2d801559\" data-element_type=\"widget\" data-widget_type=\"text-editor.default\">\n\t\t\t\t<div class=\"elementor-widget-container\">\n\t\t\t\t\t\t\t\t\t<p>El sitio web necesitaba un redise\u00f1o completo, ya que los usuarios no lograban encontrar f\u00e1cilmente el contenido de su inter\u00e9s. Esto se deb\u00eda a una gran cantidad de informaci\u00f3n desorganizada y sin jerarqu\u00eda clara, adem\u00e1s de numerosos enlaces a otros sitios web, muchos de los cuales estaban desactualizados o no llevaban a ning\u00fan destino.<\/p>\t\t\t\t\t\t\t\t<\/div>\n\t\t\t\t<\/div>\n\t\t\t\t<div class=\"elementor-element elementor-element-1e4bc24d elementor-widget elementor-widget-heading\" data-id=\"1e4bc24d\" data-element_type=\"widget\" data-widget_type=\"heading.default\">\n\t\t\t\t<div class=\"elementor-widget-container\">\n\t\t\t\t\t<h2 class=\"elementor-heading-title elementor-size-default\">El  objetivo<\/h2>\t\t\t\t<\/div>\n\t\t\t\t<\/div>\n\t\t\t\t<div class=\"elementor-element elementor-element-30af6151 elementor-widget elementor-widget-text-editor\" data-id=\"30af6151\" data-element_type=\"widget\" data-widget_type=\"text-editor.default\">\n\t\t\t\t<div class=\"elementor-widget-container\">\n\t\t\t\t\t\t\t\t\t<p>Para abordar esta situaci\u00f3n, se llev\u00f3 a cabo un proceso de entrevistas tanto con stakeholders como con usuarios, complementado con una din\u00e1mica de\u00a0card sorting. Esto permiti\u00f3 desarrollar una arquitectura de informaci\u00f3n m\u00e1s clara, centrada en las necesidades e intereses reales de los usuarios.<\/p>\t\t\t\t\t\t\t\t<\/div>\n\t\t\t\t<\/div>\n\t\t\t\t<div class=\"elementor-element elementor-element-5bde8594 elementor-widget elementor-widget-image-gallery\" data-id=\"5bde8594\" data-element_type=\"widget\" data-widget_type=\"image-gallery.default\">\n\t\t\t\t<div class=\"elementor-widget-container\">\n\t\t\t\t\t\t\t<div class=\"elementor-image-gallery\">\n\t\t\t<div id='gallery-1' class='gallery galleryid-242 gallery-columns-1 gallery-size-medium'><figure class='gallery-item'>\n\t\t\t<div class='gallery-icon portrait'>\n\t\t\t\t<a data-elementor-open-lightbox=\"yes\" data-elementor-lightbox-slideshow=\"5bde8594\" data-elementor-lightbox-title=\"Ministerio de Energia\" data-e-action-hash=\"#elementor-action%3Aaction%3Dlightbox%26settings%3DeyJpZCI6MzAsInVybCI6Imh0dHBzOlwvXC9wcm95ZWN0b2ltYWdlbi5jbFwvUG9ydGFmb2xpb1wvd3AtY29udGVudFwvdXBsb2Fkc1wvMjAyNVwvMDZcL0NhcHR1cmEtZGUtcGFudGFsbGEtMjAyNS0wNS0xMi1hLWxhcy0xMS40OS4yMy0xLnBuZyIsInNsaWRlc2hvdyI6IjViZGU4NTk0In0%3D\" href='https:\/\/proyectoimagen.cl\/Portafolio\/wp-content\/uploads\/2025\/06\/Captura-de-pantalla-2025-05-12-a-las-11.49.23-1.png'><img fetchpriority=\"high\" decoding=\"async\" width=\"232\" height=\"300\" src=\"https:\/\/proyectoimagen.cl\/Portafolio\/wp-content\/uploads\/2025\/06\/Captura-de-pantalla-2025-05-12-a-las-11.49.23-1-232x300.png\" class=\"attachment-medium size-medium\" alt=\"\" srcset=\"https:\/\/proyectoimagen.cl\/Portafolio\/wp-content\/uploads\/2025\/06\/Captura-de-pantalla-2025-05-12-a-las-11.49.23-1-232x300.png 232w, https:\/\/proyectoimagen.cl\/Portafolio\/wp-content\/uploads\/2025\/06\/Captura-de-pantalla-2025-05-12-a-las-11.49.23-1.png 374w\" sizes=\"(max-width: 232px) 100vw, 232px\" \/><\/a>\n\t\t\t<\/div><\/figure>\n\t\t<\/div>\n\t\t<\/div>\n\t\t\t\t\t\t<\/div>\n\t\t\t\t<\/div>\n\t\t\t\t\t<\/div>\n\t\t\t\t<\/div>\n\t\t<div class=\"elementor-element elementor-element-4cea0681 e-flex e-con-boxed e-con e-parent\" data-id=\"4cea0681\" data-element_type=\"container\">\n\t\t\t\t\t<div class=\"e-con-inner\">\n\t\t\t\t<div class=\"elementor-element elementor-element-149468b3 elementor-widget elementor-widget-heading\" data-id=\"149468b3\" data-element_type=\"widget\" data-widget_type=\"heading.default\">\n\t\t\t\t<div class=\"elementor-widget-container\">\n\t\t\t\t\t<h2 class=\"elementor-heading-title elementor-size-default\">Hip\u00f3tesis<\/h2>\t\t\t\t<\/div>\n\t\t\t\t<\/div>\n\t\t\t\t\t<\/div>\n\t\t\t\t<\/div>\n\t\t<div class=\"elementor-element elementor-element-4b2eeaa e-flex e-con-boxed e-con e-parent\" data-id=\"4b2eeaa\" data-element_type=\"container\">\n\t\t\t\t\t<div class=\"e-con-inner\">\n\t\t\t\t<div class=\"elementor-element elementor-element-38d971c5 elementor-widget elementor-widget-testimonial\" data-id=\"38d971c5\" data-element_type=\"widget\" data-widget_type=\"testimonial.default\">\n\t\t\t\t<div class=\"elementor-widget-container\">\n\t\t\t\t\t\t\t<div class=\"elementor-testimonial-wrapper\">\n\t\t\t\t\t\t\t<div class=\"elementor-testimonial-content\">Si se reorganiza la arquitectura de la informaci\u00f3n del sitio web en base a las necesidades reales de los usuarios \u2014identificadas a trav\u00e9s de entrevistas y ejercicios de\u00a0card sorting\u2014, entonces los usuarios podr\u00e1n encontrar el contenido que buscan de forma m\u00e1s r\u00e1pida y eficiente, lo que mejorar\u00e1 su experiencia de navegaci\u00f3n y aumentar\u00e1 el tiempo de permanencia en el sitio.<\/div>\n\t\t\t\n\t\t\t\t\t<\/div>\n\t\t\t\t\t\t<\/div>\n\t\t\t\t<\/div>\n\t\t\t\t\t<\/div>\n\t\t\t\t<\/div>\n\t\t<div class=\"elementor-element elementor-element-36183c24 e-flex e-con-boxed e-con e-parent\" data-id=\"36183c24\" data-element_type=\"container\">\n\t\t\t\t\t<div class=\"e-con-inner\">\n\t\t\t\t<div class=\"elementor-element elementor-element-69a1197a elementor-widget elementor-widget-heading\" data-id=\"69a1197a\" data-element_type=\"widget\" data-widget_type=\"heading.default\">\n\t\t\t\t<div class=\"elementor-widget-container\">\n\t\t\t\t\t<h2 class=\"elementor-heading-title elementor-size-default\">Resumen<\/h2>\t\t\t\t<\/div>\n\t\t\t\t<\/div>\n\t\t\t\t<div class=\"elementor-element elementor-element-14f5a804 elementor-widget elementor-widget-text-editor\" data-id=\"14f5a804\" data-element_type=\"widget\" data-widget_type=\"text-editor.default\">\n\t\t\t\t<div class=\"elementor-widget-container\">\n\t\t\t\t\t\t\t\t\t<p>Para este proyecto se realiz\u00f3 lo siguiente:<\/p><ul><li>Customer Journey map<\/li><li>Benchmark<\/li><li>An\u00e1lisis Heur\u00edstico<\/li><li>Entrevistas<\/li><li>Diagrama de flujo<\/li><li>Wireframe<\/li><li>Test Wireframe y dise\u00f1o en alta\u2028<\/li><li>Una vez realizada toda la investigaci\u00f3n se trabaj\u00f3 el Dise\u00f1o en Alta , Web, Mobile, Tablet.<\/li><\/ul>\t\t\t\t\t\t\t\t<\/div>\n\t\t\t\t<\/div>\n\t\t\t\t\t<\/div>\n\t\t\t\t<\/div>\n\t\t<div class=\"elementor-element elementor-element-15320b99 e-flex e-con-boxed e-con e-parent\" data-id=\"15320b99\" data-element_type=\"container\">\n\t\t\t\t\t<div class=\"e-con-inner\">\n\t\t\t\t<div class=\"elementor-element elementor-element-117b15a2 elementor-widget elementor-widget-button\" data-id=\"117b15a2\" data-element_type=\"widget\" data-widget_type=\"button.default\">\n\t\t\t\t<div class=\"elementor-widget-container\">\n\t\t\t\t\t\t\t\t\t<div class=\"elementor-button-wrapper\">\n\t\t\t\t\t<a class=\"elementor-button elementor-button-link elementor-size-sm\" href=\"https:\/\/proyectoimagen.cl\/Portafolio\/\">\n\t\t\t\t\t\t<span class=\"elementor-button-content-wrapper\">\n\t\t\t\t\t\t\t\t\t<span class=\"elementor-button-text\">Volver al inicio<\/span>\n\t\t\t\t\t<\/span>\n\t\t\t\t\t<\/a>\n\t\t\t\t<\/div>\n\t\t\t\t\t\t\t\t<\/div>\n\t\t\t\t<\/div>\n\t\t\t\t\t<\/div>\n\t\t\t\t<\/div>\n\t\t\t\t<\/div>\n\t\t","protected":false},"excerpt":{"rendered":"<p>El problema El sitio web necesitaba un redise\u00f1o completo, ya que los usuarios no lograban encontrar f\u00e1cilmente el contenido de su inter\u00e9s. Esto se deb\u00eda a una gran cantidad de informaci\u00f3n desorganizada y sin jerarqu\u00eda clara, adem\u00e1s de numerosos enlaces a otros sitios web, muchos de los cuales estaban desactualizados o no llevaban a ning\u00fan<\/p>\n","protected":false},"author":1,"featured_media":0,"parent":0,"menu_order":0,"comment_status":"closed","ping_status":"closed","template":"","meta":{"footnotes":""},"class_list":["post-242","page","type-page","status-publish","hentry"],"_links":{"self":[{"href":"https:\/\/proyectoimagen.cl\/Portafolio\/index.php?rest_route=\/wp\/v2\/pages\/242","targetHints":{"allow":["GET"]}}],"collection":[{"href":"https:\/\/proyectoimagen.cl\/Portafolio\/index.php?rest_route=\/wp\/v2\/pages"}],"about":[{"href":"https:\/\/proyectoimagen.cl\/Portafolio\/index.php?rest_route=\/wp\/v2\/types\/page"}],"author":[{"embeddable":true,"href":"https:\/\/proyectoimagen.cl\/Portafolio\/index.php?rest_route=\/wp\/v2\/users\/1"}],"replies":[{"embeddable":true,"href":"https:\/\/proyectoimagen.cl\/Portafolio\/index.php?rest_route=%2Fwp%2Fv2%2Fcomments&post=242"}],"version-history":[{"count":3,"href":"https:\/\/proyectoimagen.cl\/Portafolio\/index.php?rest_route=\/wp\/v2\/pages\/242\/revisions"}],"predecessor-version":[{"id":255,"href":"https:\/\/proyectoimagen.cl\/Portafolio\/index.php?rest_route=\/wp\/v2\/pages\/242\/revisions\/255"}],"wp:attachment":[{"href":"https:\/\/proyectoimagen.cl\/Portafolio\/index.php?rest_route=%2Fwp%2Fv2%2Fmedia&parent=242"}],"curies":[{"name":"wp","href":"https:\/\/api.w.org\/{rel}","templated":true}]}}