{"id":2,"date":"2025-06-04T20:55:21","date_gmt":"2025-06-04T20:55:21","guid":{"rendered":"https:\/\/proyectoimagen.cl\/Portafolio\/?page_id=2"},"modified":"2025-06-10T20:16:59","modified_gmt":"2025-06-10T20:16:59","slug":"sample-page","status":"publish","type":"page","link":"https:\/\/proyectoimagen.cl\/Portafolio\/","title":{"rendered":"Casos de estudio"},"content":{"rendered":"\t\t<div data-elementor-type=\"wp-page\" data-elementor-id=\"2\" class=\"elementor elementor-2\">\n\t\t\t\t<div class=\"elementor-element elementor-element-1f19fb9 e-flex e-con-boxed e-con e-parent\" data-id=\"1f19fb9\" data-element_type=\"container\">\n\t\t\t\t\t<div class=\"e-con-inner\">\n\t\t\t\t<div class=\"elementor-element elementor-element-c02e619 elementor-widget elementor-widget-menu-anchor\" data-id=\"c02e619\" data-element_type=\"widget\" data-widget_type=\"menu-anchor.default\">\n\t\t\t\t<div class=\"elementor-widget-container\">\n\t\t\t\t\t\t\t<div class=\"elementor-menu-anchor\" id=\"casos\"><\/div>\n\t\t\t\t\t\t<\/div>\n\t\t\t\t<\/div>\n\t\t\t\t<div class=\"elementor-element elementor-element-2769b49 elementor-widget elementor-widget-spacer\" data-id=\"2769b49\" data-element_type=\"widget\" data-widget_type=\"spacer.default\">\n\t\t\t\t<div class=\"elementor-widget-container\">\n\t\t\t\t\t\t\t<div class=\"elementor-spacer\">\n\t\t\t<div class=\"elementor-spacer-inner\"><\/div>\n\t\t<\/div>\n\t\t\t\t\t\t<\/div>\n\t\t\t\t<\/div>\n\t\t\t\t<div class=\"elementor-element elementor-element-d772fad elementor-widget elementor-widget-heading\" data-id=\"d772fad\" data-element_type=\"widget\" data-widget_type=\"heading.default\">\n\t\t\t\t<div class=\"elementor-widget-container\">\n\t\t\t\t\t<h1 class=\"elementor-heading-title elementor-size-default\">Casos de estudio<\/h1>\t\t\t\t<\/div>\n\t\t\t\t<\/div>\n\t\t\t\t\t<\/div>\n\t\t\t\t<\/div>\n\t\t<div class=\"elementor-element elementor-element-9fb9ef2 e-grid e-con-full elementor-invisible e-con e-parent\" data-id=\"9fb9ef2\" data-element_type=\"container\" data-settings=\"{&quot;animation&quot;:&quot;zoomInUp&quot;}\">\n\t\t\t\t<div class=\"elementor-element elementor-element-ebcfa42 elementor-widget__width-auto e-transform e-transform elementor-position-top elementor-invisible elementor-widget elementor-widget-image-box\" data-id=\"ebcfa42\" data-element_type=\"widget\" data-settings=\"{&quot;_animation&quot;:&quot;fadeIn&quot;,&quot;_transform_scale_effect&quot;:{&quot;unit&quot;:&quot;px&quot;,&quot;size&quot;:&quot;&quot;,&quot;sizes&quot;:[]},&quot;_transform_scale_effect_tablet&quot;:{&quot;unit&quot;:&quot;px&quot;,&quot;size&quot;:&quot;&quot;,&quot;sizes&quot;:[]},&quot;_transform_scale_effect_mobile&quot;:{&quot;unit&quot;:&quot;px&quot;,&quot;size&quot;:&quot;&quot;,&quot;sizes&quot;:[]},&quot;_transform_rotateZ_effect_hover&quot;:{&quot;unit&quot;:&quot;px&quot;,&quot;size&quot;:&quot;&quot;,&quot;sizes&quot;:[]},&quot;_transform_rotateZ_effect_hover_tablet&quot;:{&quot;unit&quot;:&quot;deg&quot;,&quot;size&quot;:&quot;&quot;,&quot;sizes&quot;:[]},&quot;_transform_rotateZ_effect_hover_mobile&quot;:{&quot;unit&quot;:&quot;deg&quot;,&quot;size&quot;:&quot;&quot;,&quot;sizes&quot;:[]}}\" data-widget_type=\"image-box.default\">\n\t\t\t\t<div class=\"elementor-widget-container\">\n\t\t\t\t\t<div class=\"elementor-image-box-wrapper\"><figure class=\"elementor-image-box-img\"><a href=\"https:\/\/proyectoimagen.cl\/Portafolio\/?page_id=177\" tabindex=\"-1\"><img fetchpriority=\"high\" decoding=\"async\" width=\"334\" height=\"494\" src=\"https:\/\/proyectoimagen.cl\/Portafolio\/wp-content\/uploads\/2025\/06\/Screenshot-2020-06-30-13.40.49-1.webp\" class=\"elementor-animation-grow attachment-large size-large wp-image-32\" alt=\"\" srcset=\"https:\/\/proyectoimagen.cl\/Portafolio\/wp-content\/uploads\/2025\/06\/Screenshot-2020-06-30-13.40.49-1.webp 334w, https:\/\/proyectoimagen.cl\/Portafolio\/wp-content\/uploads\/2025\/06\/Screenshot-2020-06-30-13.40.49-1-203x300.webp 203w\" sizes=\"(max-width: 334px) 100vw, 334px\" \/><\/a><\/figure><div class=\"elementor-image-box-content\"><h5 class=\"elementor-image-box-title\"><a href=\"https:\/\/proyectoimagen.cl\/Portafolio\/?page_id=177\">Consolidaci\u00f3n de deudas<\/a><\/h5><p class=\"elementor-image-box-description\">La idea de consolidar todas las deudas en una sola, incluyendo meses de gracia y un n\u00famero de cuotas c\u00f3modo para el usuario, ...<\/p><\/div><\/div>\t\t\t\t<\/div>\n\t\t\t\t<\/div>\n\t\t\t\t<div class=\"elementor-element elementor-element-609078f elementor-position-top elementor-invisible elementor-widget elementor-widget-image-box\" data-id=\"609078f\" data-element_type=\"widget\" data-settings=\"{&quot;_animation&quot;:&quot;fadeIn&quot;}\" data-widget_type=\"image-box.default\">\n\t\t\t\t<div class=\"elementor-widget-container\">\n\t\t\t\t\t<div class=\"elementor-image-box-wrapper\"><figure class=\"elementor-image-box-img\"><a href=\"https:\/\/proyectoimagen.cl\/Portafolio\/?page_id=242\" tabindex=\"-1\"><img decoding=\"async\" width=\"374\" height=\"484\" src=\"https:\/\/proyectoimagen.cl\/Portafolio\/wp-content\/uploads\/2025\/06\/Captura-de-pantalla-2025-05-12-a-las-11.49.23-1.png\" class=\"elementor-animation-grow attachment-large size-large wp-image-30\" alt=\"\" srcset=\"https:\/\/proyectoimagen.cl\/Portafolio\/wp-content\/uploads\/2025\/06\/Captura-de-pantalla-2025-05-12-a-las-11.49.23-1.png 374w, https:\/\/proyectoimagen.cl\/Portafolio\/wp-content\/uploads\/2025\/06\/Captura-de-pantalla-2025-05-12-a-las-11.49.23-1-232x300.png 232w\" sizes=\"(max-width: 374px) 100vw, 374px\" \/><\/a><\/figure><div class=\"elementor-image-box-content\"><h5 class=\"elementor-image-box-title\"><a href=\"https:\/\/proyectoimagen.cl\/Portafolio\/?page_id=242\">Ministerio de Energ\u00eda<\/a><\/h5><p class=\"elementor-image-box-description\">El sitio web necesitaba un redise\u00f1o completo, ya que los usuarios no lograban encontrar f\u00e1cilmente el contenido de su inter\u00e9s....<\/p><\/div><\/div>\t\t\t\t<\/div>\n\t\t\t\t<\/div>\n\t\t\t\t<div class=\"elementor-element elementor-element-ce8f025 elementor-position-top elementor-invisible elementor-widget elementor-widget-image-box\" data-id=\"ce8f025\" data-element_type=\"widget\" data-settings=\"{&quot;_animation&quot;:&quot;fadeIn&quot;}\" data-widget_type=\"image-box.default\">\n\t\t\t\t<div class=\"elementor-widget-container\">\n\t\t\t\t\t<div class=\"elementor-image-box-wrapper\"><figure class=\"elementor-image-box-img\"><a href=\"https:\/\/proyectoimagen.cl\/Portafolio\/?page_id=291\" tabindex=\"-1\"><img decoding=\"async\" width=\"327\" height=\"381\" src=\"https:\/\/proyectoimagen.cl\/Portafolio\/wp-content\/uploads\/2025\/06\/postergacion-de-deudas.png\" class=\"elementor-animation-grow attachment-large size-large wp-image-31\" alt=\"\" srcset=\"https:\/\/proyectoimagen.cl\/Portafolio\/wp-content\/uploads\/2025\/06\/postergacion-de-deudas.png 327w, https:\/\/proyectoimagen.cl\/Portafolio\/wp-content\/uploads\/2025\/06\/postergacion-de-deudas-257x300.png 257w\" sizes=\"(max-width: 327px) 100vw, 327px\" \/><\/a><\/figure><div class=\"elementor-image-box-content\"><h5 class=\"elementor-image-box-title\"><a href=\"https:\/\/proyectoimagen.cl\/Portafolio\/?page_id=291\">Postergaci\u00f3n de deudas<\/a><\/h5><p class=\"elementor-image-box-description\">Cuando comenz\u00f3 la pandemia y aument\u00f3 el desempleo, buscamos soluciones para quienes no pod\u00edan pagar su cr\u00e9dito hipotecario.<\/p><\/div><\/div>\t\t\t\t<\/div>\n\t\t\t\t<\/div>\n\t\t\t\t<div class=\"elementor-element elementor-element-388d407 elementor-position-top elementor-invisible elementor-widget elementor-widget-image-box\" data-id=\"388d407\" data-element_type=\"widget\" data-settings=\"{&quot;_animation&quot;:&quot;fadeIn&quot;}\" data-widget_type=\"image-box.default\">\n\t\t\t\t<div class=\"elementor-widget-container\">\n\t\t\t\t\t<div class=\"elementor-image-box-wrapper\"><figure class=\"elementor-image-box-img\"><a href=\"https:\/\/proyectoimagen.cl\/Portafolio\/?page_id=300\" tabindex=\"-1\"><img loading=\"lazy\" decoding=\"async\" width=\"193\" height=\"414\" src=\"https:\/\/proyectoimagen.cl\/Portafolio\/wp-content\/uploads\/2025\/06\/App-convergente.png\" class=\"elementor-animation-grow attachment-large size-large wp-image-29\" alt=\"\" srcset=\"https:\/\/proyectoimagen.cl\/Portafolio\/wp-content\/uploads\/2025\/06\/App-convergente.png 193w, https:\/\/proyectoimagen.cl\/Portafolio\/wp-content\/uploads\/2025\/06\/App-convergente-140x300.png 140w\" sizes=\"(max-width: 193px) 100vw, 193px\" \/><\/a><\/figure><div class=\"elementor-image-box-content\"><h5 class=\"elementor-image-box-title\"><a href=\"https:\/\/proyectoimagen.cl\/Portafolio\/?page_id=300\">App Convergente Tienda Entel<\/a><\/h5><p class=\"elementor-image-box-description\">La app de Entel evoluciona hacia una soluci\u00f3n \u00fanica que permite a los clientes gestionar sus productos desde una sola aplicaci\u00f3n...<\/p><\/div><\/div>\t\t\t\t<\/div>\n\t\t\t\t<\/div>\n\t\t\t\t<\/div>\n\t\t<div class=\"elementor-element elementor-element-5c732dd e-flex e-con-boxed e-con e-parent\" data-id=\"5c732dd\" data-element_type=\"container\">\n\t\t\t\t\t<div class=\"e-con-inner\">\n\t\t\t\t<div class=\"elementor-element elementor-element-d0fea1a elementor-widget-divider--view-line elementor-widget elementor-widget-divider\" data-id=\"d0fea1a\" data-element_type=\"widget\" data-widget_type=\"divider.default\">\n\t\t\t\t<div class=\"elementor-widget-container\">\n\t\t\t\t\t\t\t<div class=\"elementor-divider\">\n\t\t\t<span class=\"elementor-divider-separator\">\n\t\t\t\t\t\t<\/span>\n\t\t<\/div>\n\t\t\t\t\t\t<\/div>\n\t\t\t\t<\/div>\n\t\t\t\t<div class=\"elementor-element elementor-element-f68ba6d elementor-shape-square elementor-grid-2 e-grid-align-center elementor-widget elementor-widget-social-icons\" data-id=\"f68ba6d\" data-element_type=\"widget\" data-settings=\"{&quot;_animation&quot;:&quot;none&quot;}\" data-widget_type=\"social-icons.default\">\n\t\t\t\t<div class=\"elementor-widget-container\">\n\t\t\t\t\t\t\t<div class=\"elementor-social-icons-wrapper elementor-grid\" role=\"list\">\n\t\t\t\t\t\t\t<span class=\"elementor-grid-item\" role=\"listitem\">\n\t\t\t\t\t<a class=\"elementor-icon elementor-social-icon elementor-social-icon-linkedin elementor-animation-grow elementor-repeater-item-b6099ae\" href=\"https:\/\/www.linkedin.com\/in\/jennifer-silva-ux\/\" target=\"_blank\">\n\t\t\t\t\t\t<span class=\"elementor-screen-only\">Linkedin<\/span>\n\t\t\t\t\t\t<svg class=\"e-font-icon-svg e-fab-linkedin\" viewBox=\"0 0 448 512\" xmlns=\"http:\/\/www.w3.org\/2000\/svg\"><path d=\"M416 32H31.9C14.3 32 0 46.5 0 64.3v383.4C0 465.5 14.3 480 31.9 480H416c17.6 0 32-14.5 32-32.3V64.3c0-17.8-14.4-32.3-32-32.3zM135.4 416H69V202.2h66.5V416zm-33.2-243c-21.3 0-38.5-17.3-38.5-38.5S80.9 96 102.2 96c21.2 0 38.5 17.3 38.5 38.5 0 21.3-17.2 38.5-38.5 38.5zm282.1 243h-66.4V312c0-24.8-.5-56.7-34.5-56.7-34.6 0-39.9 27-39.9 54.9V416h-66.4V202.2h63.7v29.2h.9c8.9-16.8 30.6-34.5 62.9-34.5 67.2 0 79.7 44.3 79.7 101.9V416z\"><\/path><\/svg>\t\t\t\t\t<\/a>\n\t\t\t\t<\/span>\n\t\t\t\t\t\t\t<span class=\"elementor-grid-item\" role=\"listitem\">\n\t\t\t\t\t<a class=\"elementor-icon elementor-social-icon elementor-social-icon-whatsapp elementor-animation-grow elementor-repeater-item-ae213e3\" href=\"https:\/\/wa.me\/976488525\" target=\"_blank\">\n\t\t\t\t\t\t<span class=\"elementor-screen-only\">Whatsapp<\/span>\n\t\t\t\t\t\t<svg class=\"e-font-icon-svg e-fab-whatsapp\" viewBox=\"0 0 448 512\" xmlns=\"http:\/\/www.w3.org\/2000\/svg\"><path d=\"M380.9 97.1C339 55.1 283.2 32 223.9 32c-122.4 0-222 99.6-222 222 0 39.1 10.2 77.3 29.6 111L0 480l117.7-30.9c32.4 17.7 68.9 27 106.1 27h.1c122.3 0 224.1-99.6 224.1-222 0-59.3-25.2-115-67.1-157zm-157 341.6c-33.2 0-65.7-8.9-94-25.7l-6.7-4-69.8 18.3L72 359.2l-4.4-7c-18.5-29.4-28.2-63.3-28.2-98.2 0-101.7 82.8-184.5 184.6-184.5 49.3 0 95.6 19.2 130.4 54.1 34.8 34.9 56.2 81.2 56.1 130.5 0 101.8-84.9 184.6-186.6 184.6zm101.2-138.2c-5.5-2.8-32.8-16.2-37.9-18-5.1-1.9-8.8-2.8-12.5 2.8-3.7 5.6-14.3 18-17.6 21.8-3.2 3.7-6.5 4.2-12 1.4-32.6-16.3-54-29.1-75.5-66-5.7-9.8 5.7-9.1 16.3-30.3 1.8-3.7.9-6.9-.5-9.7-1.4-2.8-12.5-30.1-17.1-41.2-4.5-10.8-9.1-9.3-12.5-9.5-3.2-.2-6.9-.2-10.6-.2-3.7 0-9.7 1.4-14.8 6.9-5.1 5.6-19.4 19-19.4 46.3 0 27.3 19.9 53.7 22.6 57.4 2.8 3.7 39.1 59.7 94.8 83.8 35.2 15.2 49 16.5 66.6 13.9 10.7-1.6 32.8-13.4 37.4-26.4 4.6-13 4.6-24.1 3.2-26.4-1.3-2.5-5-3.9-10.5-6.6z\"><\/path><\/svg>\t\t\t\t\t<\/a>\n\t\t\t\t<\/span>\n\t\t\t\t\t<\/div>\n\t\t\t\t\t\t<\/div>\n\t\t\t\t<\/div>\n\t\t<div class=\"elementor-element elementor-element-6d04219 e-con-full e-flex e-con e-child\" data-id=\"6d04219\" data-element_type=\"container\">\n\t\t\t\t<div class=\"elementor-element elementor-element-2f1d945 elementor-widget elementor-widget-heading\" data-id=\"2f1d945\" data-element_type=\"widget\" data-widget_type=\"heading.default\">\n\t\t\t\t<div class=\"elementor-widget-container\">\n\t\t\t\t\t<h6 class=\"elementor-heading-title elementor-size-default\">Email: jennifer.silva2024@gmail.com<\/h6>\t\t\t\t<\/div>\n\t\t\t\t<\/div>\n\t\t\t\t<\/div>\n\t\t\t\t\t<\/div>\n\t\t\t\t<\/div>\n\t\t\t\t<\/div>\n\t\t","protected":false},"excerpt":{"rendered":"<p>Casos de estudio Consolidaci\u00f3n de deudas La idea de consolidar todas las deudas en una sola, incluyendo meses de gracia y un n\u00famero de cuotas c\u00f3modo para el usuario, &#8230; Ministerio de Energ\u00eda El sitio web necesitaba un redise\u00f1o completo, ya que los usuarios no lograban encontrar f\u00e1cilmente el contenido de su inter\u00e9s&#8230;. Postergaci\u00f3n de<\/p>\n","protected":false},"author":1,"featured_media":0,"parent":0,"menu_order":0,"comment_status":"closed","ping_status":"open","template":"mgp-template.php","meta":{"footnotes":""},"class_list":["post-2","page","type-page","status-publish","hentry"],"_links":{"self":[{"href":"https:\/\/proyectoimagen.cl\/Portafolio\/index.php?rest_route=\/wp\/v2\/pages\/2","targetHints":{"allow":["GET"]}}],"collection":[{"href":"https:\/\/proyectoimagen.cl\/Portafolio\/index.php?rest_route=\/wp\/v2\/pages"}],"about":[{"href":"https:\/\/proyectoimagen.cl\/Portafolio\/index.php?rest_route=\/wp\/v2\/types\/page"}],"author":[{"embeddable":true,"href":"https:\/\/proyectoimagen.cl\/Portafolio\/index.php?rest_route=\/wp\/v2\/users\/1"}],"replies":[{"embeddable":true,"href":"https:\/\/proyectoimagen.cl\/Portafolio\/index.php?rest_route=%2Fwp%2Fv2%2Fcomments&post=2"}],"version-history":[{"count":166,"href":"https:\/\/proyectoimagen.cl\/Portafolio\/index.php?rest_route=\/wp\/v2\/pages\/2\/revisions"}],"predecessor-version":[{"id":355,"href":"https:\/\/proyectoimagen.cl\/Portafolio\/index.php?rest_route=\/wp\/v2\/pages\/2\/revisions\/355"}],"wp:attachment":[{"href":"https:\/\/proyectoimagen.cl\/Portafolio\/index.php?rest_route=%2Fwp%2Fv2%2Fmedia&parent=2"}],"curies":[{"name":"wp","href":"https:\/\/api.w.org\/{rel}","templated":true}]}}